i. What is the highest common divisor of 20 and g?
20
Let j be 1/(2/42) - -4. Suppose 0 = -m + 16 + 9. What is the highest common divisor of j and m?
25
Let p = -4 - -4. Suppose t + 8 - 26 = p. Let j be (10/(-6))/((-1)/t). What is the highest common factor of j and 20?
10
Let m(t) = -30*t**3 + t. Let j be m(1). Let o = 92 + j. Calculate the greatest common factor of o and 21.
21
Let f(s) = -4*s - 2*s - 1 - s. Let r be f(-3). Calculate the greatest common factor of r and 140.
20
Suppose -6*h = -6 - 24. Calculate the highest common divisor of h and 20.
5
Let q be -2 - (-2)/2*2. Suppose -b + 2 = 3*g - 10, -3*g - 3 = q. Let o be (6/9)/((-2)/(-9)). What is the greatest common divisor of b and o?
3
Let c be 79 - (-2 + 8/2). Suppose 4*m - 1 + 13 = 0, -2*m + 29 = 5*f. What is the greatest common factor of f and c?
7
Suppose g + 2*o = -g + 266, -2*o = 4. Let y(b) = -b**3 + 13*b**2 + 15. Let v be y(13). Calculate the greatest common divisor of g and v.
15
Let l = 17 + -6. What is the greatest common divisor of 44 and l?
11
Let d(g) = -g**2 + 5*g - 3. Let p be d(2). Let a = 2 + 0. Suppose -5*o + 88 = 5*j - 52, a*j - 76 = 2*o. Calculate the greatest common factor of j and p.
3
Let n(f) = -3*f + 2. Let o(z) = 10*z - 6. Let p(j) = -14*n(j) - 5*o(j). Let d be p(-2). What is the highest common factor of d and 12?
6
Suppose 54 = -h + 210. What is the highest common divisor of 39 and h?
39
Suppose -3*f - 3*q + 141 = 0, 5*f - 4*q - 116 = 128. Calculate the greatest common factor of 12 and f.
12
Let l be (-13 - 5)*(-4)/3. What is the highest common factor of 3 and l?
3
Suppose -5*t - 33 = -4*o, -t = 3*o - 25 - 14. Let d = 16 + o. What is the highest common factor of 4 and d?
4
Suppose -2*t + 0*t + 16 = -5*g, -t = 2*g - 17. What is the highest common factor of t and 117?
13
Suppose 2*o = o + 2*b, 3*b = -4*o + 11. Suppose 12 = p - 2*u, o*p = u + 36 - 15. Calculate the greatest common divisor of 10 and p.
10
Let c(b) = -b**3 + b + 1. Let s be c(0). Let p be ((-126)/12)/(s/(-6)). Calculate the highest common factor of p and 9.
9
Let o be (-2)/2 + (-1 - -17) + -4. What is the highest common divisor of 99 and o?
11
Suppose -z - 4 = z - 2*c, 0 = -3*z - 3*c + 24. Calculate the greatest common divisor of 6 and z.
3
Let x(z) = -60*z. Let u be x(-6). Suppose 0 = -h + 5*h - u. Let y = 62 - 44. What is the highest common divisor of y and h?
18
Suppose f - 83 = -4*p, p + 4*f - 7 = f. Let l be 236/(-9) - (-2)/9. Let b = l - -81. Calculate the highest common factor of p and b.
11
Let a(p) = -25*p**3 - 1. Let v be a(-1). Let o = -16 + 9. Let d be o/(-21) + 17/3. Calculate the greatest common factor of v and d.
6
Suppose -21 - 3 = -3*p. Let h be 4/(1/((-9)/(-3))). What is the highest common factor of h and p?
4
Suppose -5*u - 11*u = -448. Suppose -h + 7 = -0*h. Calculate the highest common factor of u and h.
7
Suppose -34 + 94 = 5*p. Calculate the highest common factor of 48 and p.
12
Suppose 877 - 6037 = -4*m. Suppose -3*h + m = -5*j - 994, -1 = -j. Suppose -5*c + p = -h, -89 = c - p - 244. Calculate the greatest common divisor of 19 and c.
19
Let a = 9 - 7. Let y be ((-19)/2)/(a/(-12)). Let o be (3 - 1) + y/3. Calculate the greatest common divisor of o and 7.
7
Let w = 60 + -35. Calculate the greatest common factor of 25 and w.
25
Suppose 4*k - 61 = -5*d - 1, -5*k + 58 = 2*d. Calculate the greatest common factor of 30 and k.
10
Let s(q) = q + 5. Let l be s(-7). Let x be (-2)/4 + (-37)/l. Let j be 3/4 + (-570)/(-8). Calculate the highest common divisor of x and j.
18
Let z(p) = 2*p**3 - p**2 + p - 1. Let a be 1/(-2)*(-4 - 0). Let r be z(a). What is the highest common factor of 104 and r?
13
Suppose 792 = 13*s - 5*s. Calculate the greatest common divisor of s and 9.
9
Suppose 0 = -3*w + 15 - 3. Let v be (w/(-8))/((-2)/48). What is the highest common divisor of 30 and v?
6
Let l = -15 + 19. What is the highest common factor of 20 and l?
4
Let x(q) be the second derivative of 0 + 5/6*q**3 - 7*q**2 + 11/12*q**4 - 1/20*q**5 + 3*q. Let b be x(10). Calculate the greatest common divisor of 17 and b.
17
Suppose -h + 7 = -4*m, 5*m = -3*h + 2*h + 52. What is the highest common divisor of 135 and h?
27
Let y = 157 - -390. Suppose 4*n = r + y, -5*n - 75 + 746 = 3*r. What is the greatest common factor of n and 17?
17
Let s be (-4)/12 - 13/(-3). Suppose 0 = -s*y + 5*l + 93, 2*l = -2*y + 30 + 30. Let d be 1084/18 - 6/y. Calculate the greatest common divisor of d and 15.
15
Let w be 5/1 + (17 - 11). Calculate the greatest common divisor of w and 88.
11
Let j(q) = -q**3 + 8*q**2 - 5*q. Let w be j(6). Suppose 5*s - 3*r = 91, -5*s + 33 = 5*r - w. What is the highest common divisor of s and 34?
17
Let z(q) be the first derivative of -55*q**2 + 7. Let j be z(-1). What is the greatest common divisor of j and 10?
10
Suppose -2*u - u = 2034. Let l be (-15)/25 - u/5. Calculate the highest common divisor of 27 and l.
27
Suppose -s - 3*p + 35 = -7*p, 0 = -4*s - 3*p + 45. Calculate the greatest common divisor of 150 and s.
15
Suppose -4*i + 2 = 62. Let u = 17 + i. Suppose -3*f + 64 = 22. Calculate the greatest common factor of f and u.
2
Suppose 340 = 10*b - 290. Let q = 8 + -1. What is the highest common factor of b and q?
7
Suppose 38 = 4*q - 2*v, -3*q + 2*v - 32 = -6*q. Let h be (12/q)/((-10)/(-150)). What is the greatest common divisor of 12 and h?
6
Let b(v) = v - 6. Let o be b(9). Suppose -o*l + l = 30. Let k be 5/(l/(-6)) - -119. What is the greatest common divisor of k and 11?
11
Let i(b) = 3*b + 8. Let j be i(4). What is the highest common factor of 10 and j?
10
Let k be -5*-3*(-56)/60. Let n = k - -28. Let w(i) = 7*i**3 + i**2 - i - 2. Let d be w(2). Calculate the highest common factor of n and d.
14
Let z be (6 + -3 - 18)*-1. What is the highest common divisor of 15 and z?
15
Suppose 5*u + 7 = 2. Let c be (u*2)/((-4)/26). What is the highest common divisor of c and 39?
13
Let h(a) = a**2 + 30 + 10 - 5. Let k be h(0). Calculate the greatest common factor of 5 and k.
5
Suppose -10*q + 133 - 43 = 0. What is the greatest common factor of 45 and q?
9
Suppose 2*z + 3*z - 1630 = 0. Let v be (-2)/(-11) - z/(-22). Calculate the highest common factor of v and 135.
15
Let c = -778 + 796. Suppose -3*q + 9 = -2*q. Calculate the greatest common divisor of q and c.
9
Let x = 12 - 6. Suppose r + 135 = x*r. Calculate the highest common factor of r and 243.
27
Suppose -3 = b - 0. Let y be (2/b)/(2/(-21)). What is the highest common divisor of y and 77?
7
Let k = 60 + -28. Calculate the greatest common factor of k and 224.
32
Let m be 2/6 + (-936)/(-27). Calculate the greatest common divisor of m and 14.
7
Let a = 59 - 32. Calculate the greatest common divisor of 54 and a.
27
Let q be (-2)/(-5) + (-712)/(-20). Suppose 9 - 1 = t. Let a = 32 - t. Calculate the highest common factor of a and q.
12
Let u be ((-1)/(-2))/((-4)/(-40)). Suppose 4*r - 3*m = 95, -2*m + 6*m = -u*r + 142. Calculate the greatest common divisor of r and 26.
26
Let c be 78/8 - 5/(-20). Suppose -3*a + 4*z = -22, -14 = -3*a + 2*z - 0. Calculate the highest common divisor of c and a.
2
Let c be (-88)/55*270/(-4). What is the highest common factor of c and 36?
36
Suppose t = -2*t. Let f = t + 3. Let z(c) = 15*c**2 - c + 1. Let s be z(1). What is the highest common divisor of s and f?
3
Let m(l) = l**2 + l + 2. Let k be m(-4). Suppose 0 = -3*n - 1 + 10. Let d be n/((-6)/(-194)) - -1. What is the highest common factor of d and k?
14
Let a(b) = 5*b - 3. Let j be a(6). Let p be (-1 - 1/2)*-2. Calculate the highest common factor of j and p.
3
Let y = 8 + -6. Suppose -t + w = t + 43, -4*t = 5*w + 65. Let k be (16/10)/((-4)/t). Calculate the highest common divisor of y and k.
2
Suppose 0*t = -3*t + 21. Suppose -3*j + t*j = 60. What is the highest common factor of 30 and j?
15
Let m be ((-248)/8)/(1/(-1)). What is the highest common divisor of 31 and m?
31
Let m(w) = w**3 - 8*w + 4. Let j be m(3). Let a be ((-8)/6)/((-1)/21). Calculate the greatest common factor of a and j.
7
Let j(w) = 2*w - 8. Let h be j(6). Let d be ((-7)/h)/(1/4). Let a = d + 9. What is the highest common factor of 6 and a?
2
Let d(w) = -2*w + 8. Let a be d(10). Let s = 16 - a. What is the greatest common divisor of s and 7?
7
Let a be (1 - (-22)/(-4))*-2. Suppose -2*f - 3*v + 116 = 